 j/6?
True
Let g = -264 + 502. Is 9 a factor of g?
False
Is 5 a factor of (74148/84 - 5) + (-2)/(-7)?
False
Suppose -4*f - 10 = 5*p, 4 = 4*f - f - 2*p. Is 31 a factor of 95 - (f - -1) - (36 + -35)?
True
Let w = -257 + 603. Suppose -w = -4*u - 3*q, -2*u + 248 = 2*q + 76. Does 8 divide u?
True
Let t be -30 - 4/(4/(0 - 2)). Let l(k) = -k**2 - 31*k - 35. Is l(t) a multiple of 7?
True
Suppose -l + 44 = 3*l. Let d(g) = -l*g**2 + 5 + 0 + 12*g**2. Is 5 a factor of d(0)?
True
Let k(v) = v**3 + v**2 - v + 22. Let d be k(0). Suppose 4*y = -5*w + d + 37, -w = -2*y + 19. Is ((-6)/4)/(y/(-330)) a multiple of 11?
False
Is 22 a factor of (-975150)/600*16/(-6)?
True
Let a be (-9)/3*(-1 + 2). Let d be a - 0 - (-8 - -2). Suppose 0 = k + d*k - 208. Is 29 a factor of k?
False
Let x(z) = 44*z - 8. Is 4 a factor of x(1)?
True
Let b(i) = 15*i - 34. Suppose 7*a - 4*a = 3*m - 30, 29 = 3*m - 2*a. Is 15 a factor of b(m)?
False
Let c(b) = 2*b - 20. Let a be 1 + 3 - -15 - 3. Let h be c(a). Let g(u) = u**2 - 12*u + 17. Is 11 a factor of g(h)?
False
Suppose 5*s = t + 9 + 1, 5*t - 42 = 2*s. Let v(o) = 5 - 2*o**3 + 14*o - 6 + 11*o**2 + t + 3*o**3. Does 15 divide v(-9)?
True
Let y = 134 + -70. Is y a multiple of 32?
True
Suppose -4*o - 4 = -8*o. Suppose -f + o = -3*f - z, 3*z + 3 = -4*f. Suppose f*i - 120 = -6*i. Is 16 a factor of i?
False
Let h(u) be the second derivative of -3*u - 2*u**2 - u**2 - u**2 + 2*u**2 - 2*u**3. Is h(-4) a multiple of 22?
True
Does 15 divide ((-48)/(-10))/8 - 294/(-10)?
True
Is 32 a factor of ((-54)/15)/((-1918)/(-480) + -4)?
True
Suppose -2*n - 27*h + 30*h + 1788 = 0, -n - h + 884 = 0. Is 22 a factor of n?
False
Suppose -4 = -t - 1. Suppose j = t*j - 8. Suppose 4*k - 2*a = k + 266, k = j*a + 92. Does 26 divide k?
False
Let a(s) be the first derivative of -3/2*s**2 - 5*s + 6. Does 11 divide a(-17)?
False
Let j = -28 - -98. Is (-2 - 25/(-5))*j/6 a multiple of 5?
True
Suppose -5484*l + 5491*l - 10010 = 0. Is 30 a factor of l?
False
Let h = 342 + -134. Suppose 4*k = 6*r - 4*r + h, -4*r + 16 = 0. Does 18 divide k?
True
Let g be ((-8)/(-28))/(1/7). Suppose -n + 140 = -4*o, o = g*n - 3*n + 155. Does 19 divide n?
True
Let z be (-4)/14 - (-2685)/(-35). Let p = 89 + z. Is p a multiple of 2?
True
Let t = -22 - -47. Suppose 0 = -4*y + 79 + t. Is y a multiple of 19?
False
Let v(f) = f**3 - 20*f**2 - 17*f - 32. Does 39 divide v(21)?
False
Let n be (-1 + -40)/(-4 + 3). Suppose 193 = 3*s - 5*j, 2*s - n - 91 = 5*j. Let y = 17 + s. Is 24 a factor of y?
False
Suppose -55*n = -239812 + 35542. Is 16 a factor of n?
False
Let d(j) = 40*j - 60. Is 28 a factor of d(26)?
True
Let z(p) = 20*p**3 + p**2 + 8*p - 18. Does 6 divide z(4)?
False
Let u be (0 - (2 - 4)) + 2. Is 6 a factor of (-450)/(-1*2)*u/6?
True
Does 8 divide -1*((-41440)/(-10))/(-7)?
True
Suppose -4*r - 13 + 21 = 0, 2*r = -2*d + 3880. Is d a multiple of 102?
True
Does 3 divide (1026/285)/(-1 + 94/90)?
True
Is 11 a factor of 1947/4 + 82/328?
False
Let r(l) = l**2 + 5*l - 3. Suppose 56 = -6*v - 2*v. Does 3 divide r(v)?
False
Suppose 5*u = 20, a - 115 - 243 = u. Is 35 a factor of a?
False
Let q(b) = -102*b - 7. Does 10 divide q(-6)?
False
Suppose -4*y - 1 + 17 = 0. Suppose 3*g - y = 2*g. Suppose g*t - 3*m = 20, -t + 5*m = 4*t - 25. Is t even?
False
Suppose 1 = -8*g + 33. Suppose -5*s - 5*j + 24 = -s, 0 = g*s + 4*j - 20. Suppose 0*m = m + s, 2*f - 4*m - 94 = 0. Is 9 a factor of f?
True
Let s = 227 - -829. Does 7 divide s?
False
Suppose -y = -j - 270, -4*y + 261 = -3*y - 4*j. Does 7 divide y?
True
Suppose -3*y - 16 = 4*o - 5*o, -o = -2*y - 19. Let g = o + -3. Does 11 divide g?
True
Let l(b) = -146*b - 688. Does 12 divide l(-26)?
True
Let a = 5 - 2. Let i be (-9)/(-27) - 22/(-6). Suppose -76 = -4*c - i*t, a*c - 5*t = -0*t + 81. Is 4 a factor of c?
False
Let k(p) = -p**2 - 5*p + 1. Let r be k(-4). Suppose 5*s = 6*s - r. Suppose -4*i - 3*m + 5*m = -322, -5*m + 365 = s*i. Does 39 divide i?
True
Suppose 2*x + 462 = 4*w, -3*w - x + 374 = 3*x. Is w a multiple of 22?
False
Suppose 0 = -2*u - 2*k - 982 + 244, 5*u - 3*k = -1821. Let x = -232 - u. Does 43 divide x?
False
Let n(q) = 7*q - 28. Let l be 1*((-38)/6)/((-10)/30). Is 25 a factor of n(l)?
False
Let a be (18/15)/(8/(-60)). Does 40 divide 10/(-8)*(a + 11)*-112?
True
Let g = 708 - 509. Is 33 a factor of g?
False
Does 21 divide 2*(-6)/4 - -108?
True
Let i be 0 + (-8)/4 + 7. Suppose i*r - r = 0. Suppose r = -5*t + 2*w + 114, 7*w - 4*w = -3*t + 81. Is t a multiple of 9?
False
Suppose -58*f = -53*f - 2915. Suppose 0 = -12*s - f + 3175. Is 54 a factor of s?
True
Suppose -147 = 3*m - 3*b, 4*m - 2*m - 5*b = -83. Is -2*(-8)/(-12)*m a multiple of 11?
False
Let o(s) = 97*s**2 + 3*s - 1. Is 11 a factor of o(2)?
False
Suppose 2*h + 168 = b, b - 3*h = 6*b - 775. Does 48 divide b?
False
Suppose 0 = 65*y - 62*y - 825. Suppose -3*g + y = 2*g. Does 8 divide g?
False
Suppose -b - 4*f + 2239 + 235 = 0, 4*b = -2*f + 9952. Does 83 divide b?
True
Let w(s) be the second derivative of -s**4/12 + 2*s**3/3 + 3*s**2/2 - s. Let q be w(4). Suppose -2*h - q*h + 75 = 0. Does 4 divide h?
False
Let v = 34 - 72. Let y = -16 - v. Is 3 a factor of y?
False
Let l(x) = -3*x + x**3 - 4*x + 4*x + 4*x**2. Let i be (5 + (-1 - 3))*(-3 - 0). Does 6 divide l(i)?
True
Let w be 1359/(-4) + 1/(-4). Let y = 508 + w. Suppose -7*v = -14*v + y. Does 12 divide v?
True
Let i(l) = -l**2 - 18*l - 16. Let d be i(-12). Suppose d + 328 = 4*z. Does 31 divide z?
False
Let g = -256 - -553. Is g a multiple of 28?
False
Suppose 2*m - 2*t - 12 = 8, -m + 30 = 4*t. Let h(c) = -5 + m + 13*c + 2. Is h(3) a multiple of 10?
True
Let g(m) = 438*m - 5. Is 13 a factor of g(2)?
True
Let w(n) = n**2 - n + 7. Suppose -5*k + 3*k = 0. Let j be w(k). Let h = 20 - j. Does 4 divide h?
False
Is 42 a factor of (-4)/3*3093/(-4)?
False
Suppose -4*b + a + 4*a + 4319 = 0, -b + 1080 = -a. Is b a multiple of 47?
True
Suppose -3*u - u + 145 = y, -4*u + 139 = -5*y. Suppose -108 = -3*i - 2*d, -5*i = -4*i - 3*d - u. Suppose -28*f = -30*f + i. Does 14 divide f?
False
Is 36 a factor of 366 + (-2)/(4/(-6))?
False
Suppose -5*r - 4*q - 2 + 0 = 0, 5*r + 5*q = -5. Suppose -3*y + 3*w = -w - 68, 4*w = -r*y + 32. Is y a multiple of 13?
False
Let n(x) = -x**2 + 33*x + 137. Is 18 a factor of n(27)?
False
Let h = 51 - -22. Let l = -31 + h. Does 6 divide l?
True
Suppose 0 = 2*j - t + 58, 0 = -3*t - 0*t. Let d(n) = -n**3 - 30*n**2 - 36*n - 65. Does 12 divide d(j)?
False
Let d = 104 + -58. Does 4 divide d?
False
Let l = -16 + 7. Let b = l - 3. Is 8 a factor of (-4)/6 - 152/b?
False
Let z(g) = -g + 4. Does 19 divide z(-15)?
True
Let s = 197 + -53. Does 36 divide s?
True
Let f(s) be the third derivative of s**6/120 + 3*s**5/20 - 13*s**4/24 - 5*s**3/2 - 25*s**2. Is 17 a factor of f(-9)?
True
Suppose -2*r = 3*w - 3166, r + 1532 - 480 = w. Is 17 a factor of w?
True
Let q = -24 + 42. Does 22 divide (-263)/(-6) + 3/q?
True
Suppose -1239 = 9*w - 4857. Is w a multiple of 6?
True
Is 9 a factor of 191 - 4 - (-2 - (0 + -5))?
False
Suppose 11616 = 5*t - 4*v - 44, -2*v = -5*t + 11660. Is t a multiple of 13?
False
Suppose -18 = 5*t + 12. Let d be -1 + 6 + t + 4. Suppose 3*p - d = 57. Is 20 a factor of p?
True
Suppose -32*d - 100 = -37*d. Is 8 a factor of d?
False
Let p(g) = -g**2 - 38*g - 22. Does 12 divide p(-20)?
False
Is (-31 + (1 - 6))*62/(-6) a multiple of 12?
True
Let u(k) = -k**2 - 14*k + 19. Let x be u(-15). Suppose -x*j + 4*f = -480, f - 105 = -j - f. Is 26 a factor of j?
False
Suppose -4*y = 6*w - 4*w - 26, -3*y = -5*w. Suppose -y*d - 5*b + 98 = -7, d + 4*b = 24. Is d a multiple of 4?
True
Let a(j) = -14*j**3 + 51*j**2 + 83*j - 22. Let d(q) = -5*q**3 + 17*q**2 + 28*q - 7. Let n(v) = -6*a(v) + 17*d(v). Let g be -8*2/4*4. Is n(g) a multiple of 34?
False
Suppose 0 = -3*x - 0 - 342. Suppose -7044 = 31*m + 3496. Is 19 a factor of 1/(3 - m/x)?
True
Let x = 8 - 4. Let z(u) = u**2 - 4. Let p be z(x). Let n = 35 - p. Is 8 a factor of n?
False
Let x be 486/(-5) + (-7)/(-35). Suppose w - 120 - 37 = 0. Let y = x + w. Does 12 divide y?
True
Is 35 a factor of 15/(-5)*(-796)/6?
False
Let y = -10 + -13. Suppose -3*s + 211 = 2*m + 56, 5*m = -4*s + 202. Let q = y + s. Is q a multiple of 4?
False
Let m = -180 - -656. Is m a multiple of 34?
True
Let t(w) = 7 + w + 75*w**2 + 72*w**2 - w**3 - 148*w**2. 